ose m - 7 = w + b*m, -4*w + 4*m + 44 = 0. Give h(w).
-4
Let y(t) be the third derivative of t**4/12 + 5*t**3/3 + 2*t**2 - 11. What is y(-5)?
0
Let k(q) = -q - 124. Let g(b) = 25. Let n(l) = -11*g(l) - 2*k(l). Give n(10).
-7
Let a(z) be the third derivative of z**7/2520 - z**6/120 + z**5/30 + 5*z**4/24 - 6*z**2. Let l(u) be the second derivative of a(u). Calculate l(3).
-5
Let p(g) = -g + 7. Let m = -5 + 7. Let o(f) = 3*f - 3*f + f**m + 2*f. Let w be o(-2). What is p(w)?
7
Let i(r) = 23*r**3 + 35*r**2 - 3*r - 9. Let g(o) = -36*o**3 - 53*o**2 + 4*o + 14. Let k(a) = 5*g(a) + 8*i(a). What is k(-4)?
-2
Let c(g) be the third derivative of g**5/60 - g**4/24 - g**3 - 19*g**2. Let t(w) = -2*w**2 + 3*w + 13. Let r(o) = -13*c(o) - 6*t(o). What is r(-5)?
0
Suppose -5*p = -2*w + 2 - 1, 0 = -4*p - 4*w - 12. Let y(o) be the second derivative of -o**4/12 + 2*o. What is y(p)?
-1
Let l = 708 + -714. Let v(y) = -y**2 - 9*y - 1. Calculate v(l).
17
Let f(d) = d**2 + d + 1. Let h be ((-21)/9)/((-4)/(-12)). Let q be (-10)/35 + 5/h. Calculate f(q).
1
Let o be -3 + 4 - (5 - 10). Let x(k) = -3*k + 2 - 5*k**2 - k**3 + 2*k**2 + o*k. What is x(-4)?
6
Let q(j) = 80 + j**2 + 6*j - 152 + 78. Determine q(-6).
6
Let y(p) = p - 6. Let i be (-6)/8 + (-345)/(-92). Suppose -3*x + m = 2*m, i*x - 3*m = 0. Determine y(x).
-6
Let c(u) = 4*u**3 - 13*u**2 - 7*u. Let l(z) = -3*z**3 + 10*z**2 + 7*z - 1. Let m(w) = -2*c(w) - 3*l(w). What is m(5)?
-7
Suppose -r - 28 = -t, -4*t + 0*t - 2*r + 118 = 0. Let g = t + -30. Let l(k) be the second derivative of k**4/12 + k**2/2 + k. What is l(g)?
2
Let b(x) be the first derivative of x**5/60 + 5*x**4/12 - 5*x**3/6 + 6*x**2 - 14. Let r(n) be the second derivative of b(n). Determine r(-11).
6
Let i(m) be the third derivative of 0*m**4 + 0*m - 5/3*m**3 - 1/60*m**5 - 30*m**2 + 0. Calculate i(0).
-10
Suppose 6 = 2*n - 4. Suppose -4*c + 3 = -n. Suppose -c*p + 34 = 5*q + 8, -2*p = q - 2. Let h(k) = -k - 2. What is h(q)?
-8
Let o = -45 + 48. Let w(j) = -25*j**o - 25*j**3 + j**2 + 58*j**3. What is w(1)?
9
Let f(u) be the first derivative of -u**3/3 + 8*u - 32. Let n be f(2). Let x(o) be the first derivative of -o**3/3 + 3*o**2 - 5*o - 1. Calculate x(n).
3
Let q(i) = i**3 - i**2 - i. Let o(j) = 6*j**3 - 11*j**2 - 13*j + 8. Let g(c) = -o(c) + 5*q(c). Suppose 101*x = -9*x + 533 + 237. Give g(x).
-1
Let b be ((-1080)/(-48) - 22) + 22/4. Let y(x) = 4*x - 1 - x + 19. Let u(o) = -o - 6. Let s(j) = 17*u(j) + 6*y(j). What is s(b)?
12
Let x(a) = -a**2 + 20*a - 16. Suppose 121 - 45 = 4*h. Let i be x(h). Let w(b) = b**3 - 3*b**2 - b + 1. Give w(i).
-2
Let w be 4/(-3)*(-450)/12. Let q = w + -29. Let g(b) = b**3 - 7*b - 17 + 0*b**3 + q + 0*b - 5*b**2. Give g(6).
-2
Suppose -2*o = -6*o - 4*y + 44, 2*y = o - 14. Suppose 16*g - o*g - 12 = 0. Let f(d) = -d + 4. Let p(x) = -2*x + 11. Let h(i) = -8*f(i) + 3*p(i). Calculate h(g).
7
Let k = -596 + 35761/60. Let j(a) be the third derivative of 5*a**2 + 0*a + k*a**5 - 1/4*a**4 + a**3 + 0. What is j(4)?
-2
Let x(z) be the second derivative of -z**3/6 - z**2/2 - z. Let u(o) = -o**2 + 68*o - 126. Let m be u(66). Determine x(m).
-7
Let n(x) = -6*x + 565 + 0*x - 554 - x**2. What is n(-7)?
4
Let p(b) be the third derivative of -b**6/120 + b**5/15 + 5*b**4/12 - 7*b**3/6 + 28*b**2. What is p(6)?
-19
Let k be (-9)/6*(-1 + 3). Let y(x) be the first derivative of -x**2 - x - 423. Calculate y(k).
5
Suppose -9 - 15 = 8*a. Let p be (a + 1)*-4 + (-6 - -5). Let l(z) = 3*z - 5. What is l(p)?
16
Let k be (15/(-6))/((-2)/(-4)). Let c be ((-7)/3)/((40/12)/(-10)). Let q(l) = -1 + 4 + 2*l - 3 + c. Calculate q(k).
-3
Let p(r) = 7 + 30*r - 49*r + 21*r. Suppose 35 = -5*g - 2*b, -4*g - 17 = 3*b + 11. Determine p(g).
-7
Let z = 1755/2 - 877. Let n(q) be the first derivative of z*q**2 + q - 13. Give n(-2).
-1
Let y(x) = -x**3 + 10*x - 4*x**2 + 9 + x**2 - 4*x**2. Let v be (-2)/8 + ((-20)/5 - (-225)/(-60)). What is y(v)?
-7
Let x(o) = 9*o**3 + 2*o**2 - 1. Suppose 8*w = 3*y + 6*w - 60, -4*y + 4*w + 76 = 0. Let m be (2/5)/((-1)/(-5)). Let a be (22/y)/(m - 1). Calculate x(a).
10
Let d be (-123)/164 - (1 - 0)/(-1). Let y(r) be the first derivative of -4 - d*r**4 + 3*r + r**3 + 1/2*r**2. What is y(3)?
6
Let l(s) = s**3 + 12*s**2 + 7*s - 39. Let c be l(-11). Let w(x) = x**2 - 9*x + 1. Give w(c).
-19
Suppose 15 = -3*k + 8*k. Let d(h) = -13 + 8 + 2*h - k*h. Calculate d(-4).
-1
Let k(m) = 2*m - 6*m + m - m**2 + 0*m - 1. Suppose x + 4*d = 15, 4*d + 0 - 10 = -2*x. Give k(x).
-11
Let r be ((-3)/9)/((-12)/(-108)). Let t(g) = -3*g**2 - g + 2. Give t(r).
-22
Suppose -m + 2*p + 5 = 0, 6 - 7 = m + 4*p. Let f(k) be the third derivative of -k**6/120 + k**5/20 - k**4/12 - k**3/6 + 32*k**2. Calculate f(m).
-7
Suppose -4 + 64 = 3*w. Let j(k) = -k**3 + 20*k**2 + k - 19. Determine j(w).
1
Let j(h) = -h**3 + 7*h**2 - 3*h - 3. Let p(y) = 2*y**3 - 19*y + 20. Let w be p(1). Calculate j(w).
24
Let n(v) = v**2 - 11*v + 32. Let o be n(6). Let c(j) = 4*j**2 - 3*j**2 + 0 - 2. What is c(o)?
2
Suppose 65*o - 69*o = -8. Let m(s) = 2*s**o - 56*s - 53*s + 4 - 2 + 105*s. Calculate m(4).
18
Let u(d) = 2 - 1 - 194*d + 193*d. Let w(y) = 6*y - 5. Let o(s) = -22*u(s) - 4*w(s). Determine o(-3).
4
Let m(z) = -z**3 - z**2 + z + 1. Let u(w) = -2*w - 3. Let t be u(-6). Let j(b) = 9 + 13*b + b**3 - 5*b - 14*b**2 + 4*b**2. Let i be j(t). Determine m(i).
1
Let w(t) = 2*t - 2*t + 7 - 3*t**2 - 9 - 3*t. Let z = 137 - 139. Determine w(z).
-8
Let l(m) = 3*m - 4. Suppose -z = -20 + 18. Let d be -3 + z + 5 + -1. Calculate l(d).
5
Let k = -76 + 80. Suppose 3*g + k*o + 10 - 4 = 0, -2*g - 2*o - 6 = 0. Let c(z) = 0*z**3 - 6 + z**3 + 7*z**2 + 6*z + 0*z**3. What is c(g)?
-6
Let h(z) = -z**2 + z - 9. Suppose -7*j + 2 = -6*j. Suppose 4 = t + j*t - 4*x, -5*x - 5 = -2*t. Give h(t).
-9
Let c(q) = -21*q**3 + q. Suppose -2*y + 3 = 3*f, -11 + 2 = -3*f - 4*y. Determine c(f).
20
Let t(x) = -3 - 3*x + 5 - 1 - 3. Suppose 3 = 2*b + 3*q, 3*b + 0*q + 2*q + 3 = 0. Determine t(b).
7
Let n(b) be the first derivative of -2*b**2 - 6*b - 36. What is n(-8)?
26
Let f(c) be the third derivative of 0*c - 1/10*c**5 + 0*c**4 + 0 + 13*c**2 + 1/6*c**3. Determine f(-1).
-5
Let o(f) = -4*f**2 + f - 1. Let h(l) = 11*l**2 - 6*l. Let k(g) = h(g) + 3*o(g). Determine k(4).
-31
Suppose -9*m + 5 = 14. Let f(w) = 19*w**2 - 1. Give f(m).
18
Suppose 0 = -7*r - 0*r + 14. Let k(z) = -6*z + 130*z**r - 123*z**2 - 3*z**3 + 2*z**3 - 6. Give k(6).
-6
Let i(w) be the first derivative of 7 + 1/3*w**3 + w + 2*w**2. Suppose 0 = -5*d + z - 22, 2*z = 4*d + d + 24. Determine i(d).
1
Let g(w) = -w**2 + 9*w**3 + w**3 - 18 + 0*w**3 - 11*w**3. Determine g(0).
-18
Suppose 2*b - 22 = -0*b. Let n(a) = 0*a + 4 + 7*a - 5*a**2 - 4*a**3 + b*a**2 + 5*a**3. Let d(j) = 4*j**3 - 4*j - 5. Let g be d(-1). Give n(g).
-6
Let r(m) = -m**2 - m + 6. Let o be r(-3). Suppose 5*x - 5*z + 20 = -0*x, 3*z - 12 = -2*x. Let f(y) = -y + 2*y**3 + 0 - 3*y**3 + x*y**2 + y**2 - 3. What is f(o)?
-3
Let s(q) = q**3 - 3*q**2 - 3*q - 6. Let w(f) be the first derivative of -2*f**2 + 73*f - 13. Let x be w(17). Give s(x).
29
Let a(g) be the third derivative of g**4/24 + g**3 - g**2 - 29. Let s(w) = -w**2 + 4*w + 2. Let y be s(6). Determine a(y).
-4
Suppose -3*y + 8 = y. Let s(a) be the first derivative of -a**4/8 + a**3/2 - 5*a**2/2 - 4. Let i(p) be the second derivative of s(p). Give i(y).
-3
Suppose -5*d = 4*u - 10, u = -u - 10. Suppose 5*t - 43 = -c + 22, -1 = t + 3*c. Let o(v) = -t*v + 4 - 2*v**2 + 3*v**2 + 3 + 5*v. What is o(d)?
-11
Let v be -8 - (-9 - (-20)/(-10)). Let r(j) = 4*j**3 - 3*j**3 - 4*j - j**2 + 0*j**2 + 1. Give r(v).
7
Let u(y) = y**3 + 7*y**2 + y + 4. Suppose 0 = -0*q - 2*q - a - 10, 0 = 5*q - 2*a + 16. Let l(w) = -w**2 + 2*w. Let d be l(q). Let h = d + 17. Determine u(h).
-3
Let a(n) = -n**3 - 11*n**2 - 11*n - 4. Let p be a(-10). Let u(g) be the first derivative of 1/3*g**3 - 7/2*g**2 - 2*g - 18. Calculate u(p).
-8
Let d(v) be the third derivative of v**5/60 - v**4/3 + 7*v**3/6 + 2*v**2 + 180. Determine d(6).
-5
Let n(h) = 4*h**3 - 47*h**2 - 15*h + 36. Let f be n(12). Let u(q) = 7*q - 1. Let v(y) = -8*y + 2. Let o(j) = -7*u(j) - 6*v(j). What is o(f)?
-5
Let n(p) = -p + 18. Let t be (2 - (-3 + 13))*-4. Let a = -20 + t. Let k be n(a). Let c(r) = -r**2 + 9*r - 6. Determine c(k).
12
Let r(s) be the 